{"id":971,"date":"2023-07-07T11:01:19","date_gmt":"2023-07-07T09:01:19","guid":{"rendered":"http:\/\/www.mantrailing.at\/wpm\/?page_id=971"},"modified":"2023-09-28T15:55:28","modified_gmt":"2023-09-28T13:55:28","slug":"das-sind-wir","status":"publish","type":"page","link":"http:\/\/www.mantrailing.at\/wpm\/das-sind-wir\/","title":{"rendered":"Das sind wir"},"content":{"rendered":"\t\t<div data-elementor-type=\"wp-page\" data-elementor-id=\"971\" class=\"elementor elementor-971\">\n\t\t\t\t<div class=\"elementor-element elementor-element-2eed8c9 e-con-full e-flex e-con e-parent\" data-id=\"2eed8c9\" data-element_type=\"container\">\n\t\t<div class=\"elementor-element elementor-element-113ee98 e-flex e-con-boxed e-con e-parent\" data-id=\"113ee98\" data-element_type=\"container\">\n\t\t\t\t\t<div class=\"e-con-inner\">\n\t\t\t\t<div class=\"elementor-element elementor-element-5a7b563 elementor-widget elementor-widget-image\" data-id=\"5a7b563\" data-element_type=\"widget\" data-widget_type=\"image.default\">\n\t\t\t\t<div class=\"elementor-widget-container\">\n\t\t\t\t\t\t\t\t\t\t\t\t\t\t\t<img fetchpriority=\"high\" decoding=\"async\" width=\"1024\" height=\"576\" src=\"http:\/\/www.mantrailing.at\/wpm\/wp-content\/uploads\/2023\/07\/Gruppe-Hund-1024x576.jpg\" class=\"attachment-large size-large wp-image-974\" alt=\"\" srcset=\"http:\/\/www.mantrailing.at\/wpm\/wp-content\/uploads\/2023\/07\/Gruppe-Hund-1024x576.jpg 1024w, http:\/\/www.mantrailing.at\/wpm\/wp-content\/uploads\/2023\/07\/Gruppe-Hund-300x169.jpg 300w, http:\/\/www.mantrailing.at\/wpm\/wp-content\/uploads\/2023\/07\/Gruppe-Hund-768x432.jpg 768w, http:\/\/www.mantrailing.at\/wpm\/wp-content\/uploads\/2023\/07\/Gruppe-Hund-800x450.jpg 800w, http:\/\/www.mantrailing.at\/wpm\/wp-content\/uploads\/2023\/07\/Gruppe-Hund-1320x742.jpg 1320w, http:\/\/www.mantrailing.at\/wpm\/wp-content\/uploads\/2023\/07\/Gruppe-Hund.jpg 1400w\" sizes=\"(max-width: 1024px) 100vw, 1024px\" \/>\t\t\t\t\t\t\t\t\t\t\t\t\t\t\t<\/div>\n\t\t\t\t<\/div>\n\t\t<div class=\"elementor-element elementor-element-bd28dcf e-flex e-con-boxed e-con e-parent\" data-id=\"bd28dcf\" data-element_type=\"container\">\n\t\t\t\t\t<div class=\"e-con-inner\">\n\t\t\t\t<div class=\"elementor-element elementor-element-2c78cb8 elementor-widget elementor-widget-text-editor\" data-id=\"2c78cb8\" data-element_type=\"widget\" data-widget_type=\"text-editor.default\">\n\t\t\t\t<div class=\"elementor-widget-container\">\n\t\t\t\t\t\t\t\t\t<p style=\"text-align: center;\"><strong>Herzlich Willkommen bei der &#8222;<span style=\"color: #ff0000;\">Mantrailing Academy <span style=\"color: #000000;\">SERCH and RESCUE&#8220;!<\/span><\/span><\/strong><\/p><p style=\"text-align: center;\"><span style=\"color: #ff0000;\"><span style=\"color: #000000;\">Die Aufgabe der Mantrailing Acadamy ist, mit unseren Hunden Einsatzorganisationen aber auch Privatpersonen bei der Suche nach vermissten Personen zu unterst\u00fctzen.<\/span><\/span><\/p><h1 style=\"text-align: center;\"><span style=\"color: #ff0000;\">Unser Einsatz ist f\u00fcr jeden, ob Privatperson oder Organisation, kostenlos!<\/span><\/h1><div><span style=\"color: #ff0000;\">\u00a0<\/span><\/div>\t\t\t\t\t\t\t\t<\/div>\n\t\t\t\t<\/div>\n\t\t\t\t\t<\/div>\n\t\t\t\t<\/div>\n\t\t<div class=\"elementor-element elementor-element-1cb173a e-flex e-con-boxed e-con e-parent\" data-id=\"1cb173a\" data-element_type=\"container\">\n\t\t\t\t\t<div class=\"e-con-inner\">\n\t\t\t\t<div class=\"elementor-element elementor-element-864166b elementor-widget elementor-widget-text-editor\" data-id=\"864166b\" data-element_type=\"widget\" data-widget_type=\"text-editor.default\">\n\t\t\t\t<div class=\"elementor-widget-container\">\n\t\t\t\t\t\t\t\t\t<p><strong><span style=\"color: #ff0000;\">Was ist Mantrailing?<\/span><\/strong><\/p><p>Mantrailing ist die Suche nach vermissten Personen mit Hilfe von Hunden. Der Begriff stammt aus dem Englischen von man = Mensch und trailing = verfolgen.<\/p><p>Beim Mantrailing orientiert sich der Hund an der tats\u00e4chlichen Duftspur des Menschen, an seinem Individualgeruch.<\/p><p>Diese Eigenschaften werden von den Rettungshundef\u00fchrern dazu benutzt, um vermisste Personen auch in der Stadt aufzust\u00f6bern. Zur Zeit wird Mantrailing\u00a0in \u00d6sterreich, Deutschland, der Schweiz\u00a0und Amerika von Rettungshundef\u00fchrern ausge\u00fcbt.<\/p><p>Unser Vorsitzender und Ausbildungsverantwortlicher\u00a0<strong>Armin Ertler<\/strong>, der auch Hundef\u00fchrer der \u00f6sterreichischen Bergrettung f\u00fcr Lawinen- und Suchhunde Land Steiermark war, hat vor Jahren mit den Talschaftsf\u00fchrern und Ausbildern der Lawinen- und Suchhunde an einem Mantrailingseminar in Deutschland teilgenommen. Nun sind wir als\u00a0 in der Lage, diese Form der Hundeausbildung, einsatztauglich anzubieten.<\/p><p><strong><span style=\"color: #ff0000;\">Welcher Hund ist geeignet?<\/span><\/strong><\/p><p>Ob ein Malinois mit 8 Monaten oder ein 8-j\u00e4hriger Mischling &#8211;\u00a0 fast jeder Hund ist f\u00fcr Mantrailing geeignet. Allerdings sollte man schon im Welpenalter spielerisch mit einer professionelle Ausbildung beginnen.<\/p>\t\t\t\t\t\t\t\t<\/div>\n\t\t\t\t<\/div>\n\t\t\t\t\t<\/div>\n\t\t\t\t<\/div>\n\t\t\t\t\t<\/div>\n\t\t\t\t<\/div>\n\t\t\t\t<\/div>\n\t\t\t\t<\/div>\n\t\t","protected":false},"excerpt":{"rendered":"<p>Herzlich Willkommen bei der &#8222;Mantrailing Academy SERCH and RESCUE&#8220;! Die Aufgabe der Mantrailing Acadamy ist, mit unseren Hunden Einsatzorganisationen aber auch Privatpersonen bei der Suche nach vermissten Personen zu unterst\u00fctzen. [&hellip;]<\/p>\n","protected":false},"author":1,"featured_media":0,"parent":0,"menu_order":0,"comment_status":"closed","ping_status":"closed","template":"","meta":{"ocean_post_layout":"full-screen","ocean_both_sidebars_style":"","ocean_both_sidebars_content_width":0,"ocean_both_sidebars_sidebars_width":0,"ocean_sidebar":"0","ocean_second_sidebar":"0","ocean_disable_margins":"enable","ocean_add_body_class":"","ocean_shortcode_before_top_bar":"","ocean_shortcode_after_top_bar":"","ocean_shortcode_before_header":"","ocean_shortcode_after_header":"","ocean_has_shortcode":"","ocean_shortcode_after_title":"","ocean_shortcode_before_footer_widgets":"","ocean_shortcode_after_footer_widgets":"","ocean_shortcode_before_footer_bottom":"","ocean_shortcode_after_footer_bottom":"","ocean_display_top_bar":"off","ocean_display_header":"default","ocean_header_style":"","ocean_center_header_left_menu":"0","ocean_custom_header_template":"0","ocean_custom_logo":0,"ocean_custom_retina_logo":0,"ocean_custom_logo_max_width":0,"ocean_custom_logo_tablet_max_width":0,"ocean_custom_logo_mobile_max_width":0,"ocean_custom_logo_max_height":0,"ocean_custom_logo_tablet_max_height":0,"ocean_custom_logo_mobile_max_height":0,"ocean_header_custom_menu":"0","ocean_menu_typo_font_family":"0","ocean_menu_typo_font_subset":"","ocean_menu_typo_font_size":0,"ocean_menu_typo_font_size_tablet":0,"ocean_menu_typo_font_size_mobile":0,"ocean_menu_typo_font_size_unit":"px","ocean_menu_typo_font_weight":"","ocean_menu_typo_font_weight_tablet":"","ocean_menu_typo_font_weight_mobile":"","ocean_menu_typo_transform":"","ocean_menu_typo_transform_tablet":"","ocean_menu_typo_transform_mobile":"","ocean_menu_typo_line_height":0,"ocean_menu_typo_line_height_tablet":0,"ocean_menu_typo_line_height_mobile":0,"ocean_menu_typo_line_height_unit":"","ocean_menu_typo_spacing":0,"ocean_menu_typo_spacing_tablet":0,"ocean_menu_typo_spacing_mobile":0,"ocean_menu_typo_spacing_unit":"","ocean_menu_link_color":"","ocean_menu_link_color_hover":"","ocean_menu_link_color_active":"","ocean_menu_link_background":"","ocean_menu_link_hover_background":"","ocean_menu_link_active_background":"","ocean_menu_social_links_bg":"","ocean_menu_social_hover_links_bg":"","ocean_menu_social_links_color":"","ocean_menu_social_hover_links_color":"","ocean_disable_title":"on","ocean_disable_heading":"default","ocean_post_title":"","ocean_post_subheading":"","ocean_post_title_style":"","ocean_post_title_background_color":"","ocean_post_title_background":0,"ocean_post_title_bg_image_position":"","ocean_post_title_bg_image_attachment":"","ocean_post_title_bg_image_repeat":"","ocean_post_title_bg_image_size":"","ocean_post_title_height":0,"ocean_post_title_bg_overlay":0.5,"ocean_post_title_bg_overlay_color":"","ocean_disable_breadcrumbs":"default","ocean_breadcrumbs_color":"","ocean_breadcrumbs_separator_color":"","ocean_breadcrumbs_links_color":"","ocean_breadcrumbs_links_hover_color":"","ocean_display_footer_widgets":"off","ocean_display_footer_bottom":"off","ocean_custom_footer_template":"0","footnotes":""},"class_list":["post-971","page","type-page","status-publish","hentry","entry"],"yoast_head":"<!-- This site is optimized with the Yoast SEO plugin v26.4 - https:\/\/yoast.com\/wordpress\/plugins\/seo\/ -->\n<title>Das sind wir - Austrian Mantrailing Academy<\/title>\n<meta name=\"robots\" content=\"index, follow, max-snippet:-1, max-image-preview:large, max-video-preview:-1\" \/>\n<link rel=\"canonical\" href=\"http:\/\/www.mantrailing.at\/wpm\/das-sind-wir\/\" \/>\n<meta property=\"og:locale\" content=\"de_DE\" \/>\n<meta property=\"og:type\" content=\"article\" \/>\n<meta property=\"og:title\" content=\"Das sind wir - Austrian Mantrailing Academy\" \/>\n<meta property=\"og:description\" content=\"Herzlich Willkommen bei der &#8222;Mantrailing Academy SERCH and RESCUE&#8220;! Die Aufgabe der Mantrailing Acadamy ist, mit unseren Hunden Einsatzorganisationen aber auch Privatpersonen bei der Suche nach vermissten Personen zu unterst\u00fctzen. [&hellip;]\" \/>\n<meta property=\"og:url\" content=\"http:\/\/www.mantrailing.at\/wpm\/das-sind-wir\/\" \/>\n<meta property=\"og:site_name\" content=\"Austrian Mantrailing Academy\" \/>\n<meta property=\"article:modified_time\" content=\"2023-09-28T13:55:28+00:00\" \/>\n<meta property=\"og:image\" content=\"http:\/\/www.mantrailing.at\/wpm\/wp-content\/uploads\/2023\/07\/Gruppe-Hund-1024x576.jpg\" \/>\n<meta name=\"twitter:card\" content=\"summary_large_image\" \/>\n<meta name=\"twitter:label1\" content=\"Gesch\u00e4tzte Lesezeit\" \/>\n\t<meta name=\"twitter:data1\" content=\"2\u00a0Minuten\" \/>\n<script type=\"application\/ld+json\" class=\"yoast-schema-graph\">{\"@context\":\"https:\/\/schema.org\",\"@graph\":[{\"@type\":\"WebPage\",\"@id\":\"http:\/\/www.mantrailing.at\/wpm\/das-sind-wir\/\",\"url\":\"http:\/\/www.mantrailing.at\/wpm\/das-sind-wir\/\",\"name\":\"Das sind wir - Austrian Mantrailing Academy\",\"isPartOf\":{\"@id\":\"http:\/\/www.mantrailing.at\/wpm\/#website\"},\"primaryImageOfPage\":{\"@id\":\"http:\/\/www.mantrailing.at\/wpm\/das-sind-wir\/#primaryimage\"},\"image\":{\"@id\":\"http:\/\/www.mantrailing.at\/wpm\/das-sind-wir\/#primaryimage\"},\"thumbnailUrl\":\"http:\/\/www.mantrailing.at\/wpm\/wp-content\/uploads\/2023\/07\/Gruppe-Hund-1024x576.jpg\",\"datePublished\":\"2023-07-07T09:01:19+00:00\",\"dateModified\":\"2023-09-28T13:55:28+00:00\",\"breadcrumb\":{\"@id\":\"http:\/\/www.mantrailing.at\/wpm\/das-sind-wir\/#breadcrumb\"},\"inLanguage\":\"de\",\"potentialAction\":[{\"@type\":\"ReadAction\",\"target\":[\"http:\/\/www.mantrailing.at\/wpm\/das-sind-wir\/\"]}]},{\"@type\":\"ImageObject\",\"inLanguage\":\"de\",\"@id\":\"http:\/\/www.mantrailing.at\/wpm\/das-sind-wir\/#primaryimage\",\"url\":\"http:\/\/www.mantrailing.at\/wpm\/wp-content\/uploads\/2023\/07\/Gruppe-Hund.jpg\",\"contentUrl\":\"http:\/\/www.mantrailing.at\/wpm\/wp-content\/uploads\/2023\/07\/Gruppe-Hund.jpg\",\"width\":1400,\"height\":787},{\"@type\":\"BreadcrumbList\",\"@id\":\"http:\/\/www.mantrailing.at\/wpm\/das-sind-wir\/#breadcrumb\",\"itemListElement\":[{\"@type\":\"ListItem\",\"position\":1,\"name\":\"Startseite\",\"item\":\"http:\/\/www.mantrailing.at\/wpm\/\"},{\"@type\":\"ListItem\",\"position\":2,\"name\":\"Das sind wir\"}]},{\"@type\":\"WebSite\",\"@id\":\"http:\/\/www.mantrailing.at\/wpm\/#website\",\"url\":\"http:\/\/www.mantrailing.at\/wpm\/\",\"name\":\"Austrian Mantrailing Academy\",\"description\":\"SEARCH and RESCUE Einsatz Notruf 130 Landeszentrale\",\"publisher\":{\"@id\":\"http:\/\/www.mantrailing.at\/wpm\/#organization\"},\"potentialAction\":[{\"@type\":\"SearchAction\",\"target\":{\"@type\":\"EntryPoint\",\"urlTemplate\":\"http:\/\/www.mantrailing.at\/wpm\/?s={search_term_string}\"},\"query-input\":{\"@type\":\"PropertyValueSpecification\",\"valueRequired\":true,\"valueName\":\"search_term_string\"}}],\"inLanguage\":\"de\"},{\"@type\":\"Organization\",\"@id\":\"http:\/\/www.mantrailing.at\/wpm\/#organization\",\"name\":\"Austrian Mantrailing Academy\",\"url\":\"http:\/\/www.mantrailing.at\/wpm\/\",\"logo\":{\"@type\":\"ImageObject\",\"inLanguage\":\"de\",\"@id\":\"http:\/\/www.mantrailing.at\/wpm\/#\/schema\/logo\/image\/\",\"url\":\"http:\/\/www.mantrailing.at\/wpm\/wp-content\/uploads\/2023\/01\/logo_rand.png\",\"contentUrl\":\"http:\/\/www.mantrailing.at\/wpm\/wp-content\/uploads\/2023\/01\/logo_rand.png\",\"width\":1000,\"height\":200,\"caption\":\"Austrian Mantrailing Academy\"},\"image\":{\"@id\":\"http:\/\/www.mantrailing.at\/wpm\/#\/schema\/logo\/image\/\"}}]}<\/script>\n<!-- \/ Yoast SEO plugin. -->","yoast_head_json":{"title":"Das sind wir - Austrian Mantrailing Academy","robots":{"index":"index","follow":"follow","max-snippet":"max-snippet:-1","max-image-preview":"max-image-preview:large","max-video-preview":"max-video-preview:-1"},"canonical":"http:\/\/www.mantrailing.at\/wpm\/das-sind-wir\/","og_locale":"de_DE","og_type":"article","og_title":"Das sind wir - Austrian Mantrailing Academy","og_description":"Herzlich Willkommen bei der &#8222;Mantrailing Academy SERCH and RESCUE&#8220;! Die Aufgabe der Mantrailing Acadamy ist, mit unseren Hunden Einsatzorganisationen aber auch Privatpersonen bei der Suche nach vermissten Personen zu unterst\u00fctzen. [&hellip;]","og_url":"http:\/\/www.mantrailing.at\/wpm\/das-sind-wir\/","og_site_name":"Austrian Mantrailing Academy","article_modified_time":"2023-09-28T13:55:28+00:00","og_image":[{"url":"http:\/\/www.mantrailing.at\/wpm\/wp-content\/uploads\/2023\/07\/Gruppe-Hund-1024x576.jpg","type":"","width":"","height":""}],"twitter_card":"summary_large_image","twitter_misc":{"Gesch\u00e4tzte Lesezeit":"2\u00a0Minuten"},"schema":{"@context":"https:\/\/schema.org","@graph":[{"@type":"WebPage","@id":"http:\/\/www.mantrailing.at\/wpm\/das-sind-wir\/","url":"http:\/\/www.mantrailing.at\/wpm\/das-sind-wir\/","name":"Das sind wir - Austrian Mantrailing Academy","isPartOf":{"@id":"http:\/\/www.mantrailing.at\/wpm\/#website"},"primaryImageOfPage":{"@id":"http:\/\/www.mantrailing.at\/wpm\/das-sind-wir\/#primaryimage"},"image":{"@id":"http:\/\/www.mantrailing.at\/wpm\/das-sind-wir\/#primaryimage"},"thumbnailUrl":"http:\/\/www.mantrailing.at\/wpm\/wp-content\/uploads\/2023\/07\/Gruppe-Hund-1024x576.jpg","datePublished":"2023-07-07T09:01:19+00:00","dateModified":"2023-09-28T13:55:28+00:00","breadcrumb":{"@id":"http:\/\/www.mantrailing.at\/wpm\/das-sind-wir\/#breadcrumb"},"inLanguage":"de","potentialAction":[{"@type":"ReadAction","target":["http:\/\/www.mantrailing.at\/wpm\/das-sind-wir\/"]}]},{"@type":"ImageObject","inLanguage":"de","@id":"http:\/\/www.mantrailing.at\/wpm\/das-sind-wir\/#primaryimage","url":"http:\/\/www.mantrailing.at\/wpm\/wp-content\/uploads\/2023\/07\/Gruppe-Hund.jpg","contentUrl":"http:\/\/www.mantrailing.at\/wpm\/wp-content\/uploads\/2023\/07\/Gruppe-Hund.jpg","width":1400,"height":787},{"@type":"BreadcrumbList","@id":"http:\/\/www.mantrailing.at\/wpm\/das-sind-wir\/#breadcrumb","itemListElement":[{"@type":"ListItem","position":1,"name":"Startseite","item":"http:\/\/www.mantrailing.at\/wpm\/"},{"@type":"ListItem","position":2,"name":"Das sind wir"}]},{"@type":"WebSite","@id":"http:\/\/www.mantrailing.at\/wpm\/#website","url":"http:\/\/www.mantrailing.at\/wpm\/","name":"Austrian Mantrailing Academy","description":"SEARCH and RESCUE Einsatz Notruf 130 Landeszentrale","publisher":{"@id":"http:\/\/www.mantrailing.at\/wpm\/#organization"},"potentialAction":[{"@type":"SearchAction","target":{"@type":"EntryPoint","urlTemplate":"http:\/\/www.mantrailing.at\/wpm\/?s={search_term_string}"},"query-input":{"@type":"PropertyValueSpecification","valueRequired":true,"valueName":"search_term_string"}}],"inLanguage":"de"},{"@type":"Organization","@id":"http:\/\/www.mantrailing.at\/wpm\/#organization","name":"Austrian Mantrailing Academy","url":"http:\/\/www.mantrailing.at\/wpm\/","logo":{"@type":"ImageObject","inLanguage":"de","@id":"http:\/\/www.mantrailing.at\/wpm\/#\/schema\/logo\/image\/","url":"http:\/\/www.mantrailing.at\/wpm\/wp-content\/uploads\/2023\/01\/logo_rand.png","contentUrl":"http:\/\/www.mantrailing.at\/wpm\/wp-content\/uploads\/2023\/01\/logo_rand.png","width":1000,"height":200,"caption":"Austrian Mantrailing Academy"},"image":{"@id":"http:\/\/www.mantrailing.at\/wpm\/#\/schema\/logo\/image\/"}}]}},"_links":{"self":[{"href":"http:\/\/www.mantrailing.at\/wpm\/wp-json\/wp\/v2\/pages\/971","targetHints":{"allow":["GET"]}}],"collection":[{"href":"http:\/\/www.mantrailing.at\/wpm\/wp-json\/wp\/v2\/pages"}],"about":[{"href":"http:\/\/www.mantrailing.at\/wpm\/wp-json\/wp\/v2\/types\/page"}],"author":[{"embeddable":true,"href":"http:\/\/www.mantrailing.at\/wpm\/wp-json\/wp\/v2\/users\/1"}],"replies":[{"embeddable":true,"href":"http:\/\/www.mantrailing.at\/wpm\/wp-json\/wp\/v2\/comments?post=971"}],"version-history":[{"count":10,"href":"http:\/\/www.mantrailing.at\/wpm\/wp-json\/wp\/v2\/pages\/971\/revisions"}],"predecessor-version":[{"id":1205,"href":"http:\/\/www.mantrailing.at\/wpm\/wp-json\/wp\/v2\/pages\/971\/revisions\/1205"}],"wp:attachment":[{"href":"http:\/\/www.mantrailing.at\/wpm\/wp-json\/wp\/v2\/media?parent=971"}],"curies":[{"name":"wp","href":"https:\/\/api.w.org\/{rel}","templated":true}]}}